{"id":1875,"date":"2021-03-31T10:35:45","date_gmt":"2021-03-31T10:35:45","guid":{"rendered":"http:\/\/craftsource.pascalrazvan.ro\/?page_id=1875"},"modified":"2021-03-31T10:35:46","modified_gmt":"2021-03-31T10:35:46","slug":"cookies-policy","status":"publish","type":"page","link":"http:\/\/craftsource.pascalrazvan.ro\/index.php\/cookies-policy\/","title":{"rendered":"Cookies Policy"},"content":{"rendered":"\n<p>Cookie-urile ofer\u0103 den\u021bin\u0103torilor site-ului informa\u021bii despre experien\u021ba de navigare a fiec\u0103rui vizitator \u0219i \u00eei ajut\u0103 la optimizarea site-ului \u00een func\u021bie de feedback-ul primit.<\/p>\n\n\n\n<p>Ce este un cookie?<\/p>\n\n\n\n<p>Un cookie este un fi\u0219ier cu informa\u021bii care dup\u0103 ce ob\u021bine acordul fiec\u0103rui vizitator de pe site, este stocat \u00een memoria calculatorului. Acest sistem de stocare a datelor ajut\u0103 fiecare companie s\u0103 str\u00e2ng\u0103 informa\u021bii despre browser-ul \u0219i sistemul de operare utilizat de viziatatori, pentru a \u00een\u021belege experienta acestora pe site.<\/p>\n\n\n\n<p>Cum pot fi controlate cookie-urile?<\/p>\n\n\n\n<p>Fiecare utilizator poate seta din browserul calculatorului ca acesta sa blocheze cookie-urile sau s\u0103 le \u0219tearg\u0103. \u00cen func\u021bie de tipul browserului \u0219i de func\u021bionalitatea calculatorului este posibil ca aceste op\u021biuni s\u0103 nu fie \u00eentotdeauna accesibile. Cookie-urile nu pot contine virusi sau spyware ci sunt doar fragmente de text.<\/p>\n\n\n\n<p>Pentru mai multe informa\u021bii despre modulele cookie v\u0103 rug\u0103m s\u0103 accesa\u021bi site-urile de mai jos:<\/p>\n\n\n\n<p>Facebook cookies<br>Google cookies<br>Totul despre cookies<br>Wikipedia cookies<\/p>\n","protected":false},"excerpt":{"rendered":"<p>Cookie-urile ofer\u0103 den\u021bin\u0103torilor site-ului informa\u021bii despre experien\u021ba de navigare a fiec\u0103rui vizitator \u0219i \u00eei ajut\u0103 la optimizarea site-ului \u00een func\u021bie de feedback-ul primit. Ce este un cookie? Un cookie este un fi\u0219ier cu informa\u021bii care dup\u0103 ce ob\u021bine acordul fiec\u0103rui vizitator de pe site, este stocat \u00een memoria calculatorului. Acest sistem de stocare a datelor &hellip;<\/p>\n<p class=\"read-more\"> <a class=\"\" href=\"http:\/\/craftsource.pascalrazvan.ro\/index.php\/cookies-policy\/\"> <span class=\"screen-reader-text\">Cookies Policy<\/span> Read More &raquo;<\/a><\/p>\n","protected":false},"author":1,"featured_media":0,"parent":0,"menu_order":0,"comment_status":"closed","ping_status":"closed","template":"","meta":{"footnotes":""},"class_list":["post-1875","page","type-page","status-publish","hentry"],"yoast_head":"<!-- This site is optimized with the Yoast SEO plugin v16.1.1 - https:\/\/yoast.com\/wordpress\/plugins\/seo\/ -->\n<title>Cookies Policy - Craft Source<\/title>\n<meta property=\"og:locale\" content=\"ro_RO\" \/>\n<meta property=\"og:type\" content=\"article\" \/>\n<meta property=\"og:title\" content=\"Cookies Policy - Craft Source\" \/>\n<meta property=\"og:description\" content=\"Cookie-urile ofer\u0103 den\u021bin\u0103torilor site-ului informa\u021bii despre experien\u021ba de navigare a fiec\u0103rui vizitator \u0219i \u00eei ajut\u0103 la optimizarea site-ului \u00een func\u021bie de feedback-ul primit. Ce este un cookie? Un cookie este un fi\u0219ier cu informa\u021bii care dup\u0103 ce ob\u021bine acordul fiec\u0103rui vizitator de pe site, este stocat \u00een memoria calculatorului. Acest sistem de stocare a datelor &hellip; Cookies Policy Read More &raquo;\" \/>\n<meta property=\"og:url\" content=\"http:\/\/craftsource.pascalrazvan.ro\/index.php\/cookies-policy\/\" \/>\n<meta property=\"og:site_name\" content=\"Craft Source\" \/>\n<meta property=\"article:modified_time\" content=\"2021-03-31T10:35:46+00:00\" \/>\n<meta name=\"twitter:card\" content=\"summary_large_image\" \/>\n<meta name=\"twitter:label1\" content=\"Timp estimat pentru citire\">\n\t<meta name=\"twitter:data1\" content=\"1 minut\">\n<script type=\"application\/ld+json\" class=\"yoast-schema-graph\">{\"@context\":\"https:\/\/schema.org\",\"@graph\":[{\"@type\":\"WebSite\",\"@id\":\"https:\/\/craftsource.pascalrazvan.ro\/#website\",\"url\":\"https:\/\/craftsource.pascalrazvan.ro\/\",\"name\":\"Craft Source\",\"description\":\"Agen\\u021bie de Digital Marketing \\u0219i PPC\",\"potentialAction\":[{\"@type\":\"SearchAction\",\"target\":\"https:\/\/craftsource.pascalrazvan.ro\/?s={search_term_string}\",\"query-input\":\"required name=search_term_string\"}],\"inLanguage\":\"ro-RO\"},{\"@type\":\"WebPage\",\"@id\":\"http:\/\/craftsource.pascalrazvan.ro\/index.php\/cookies-policy\/#webpage\",\"url\":\"http:\/\/craftsource.pascalrazvan.ro\/index.php\/cookies-policy\/\",\"name\":\"Cookies Policy - Craft Source\",\"isPartOf\":{\"@id\":\"https:\/\/craftsource.pascalrazvan.ro\/#website\"},\"datePublished\":\"2021-03-31T10:35:45+00:00\",\"dateModified\":\"2021-03-31T10:35:46+00:00\",\"breadcrumb\":{\"@id\":\"http:\/\/craftsource.pascalrazvan.ro\/index.php\/cookies-policy\/#breadcrumb\"},\"inLanguage\":\"ro-RO\",\"potentialAction\":[{\"@type\":\"ReadAction\",\"target\":[\"http:\/\/craftsource.pascalrazvan.ro\/index.php\/cookies-policy\/\"]}]},{\"@type\":\"BreadcrumbList\",\"@id\":\"http:\/\/craftsource.pascalrazvan.ro\/index.php\/cookies-policy\/#breadcrumb\",\"itemListElement\":[{\"@type\":\"ListItem\",\"position\":1,\"item\":{\"@type\":\"WebPage\",\"@id\":\"https:\/\/craftsource.pascalrazvan.ro\/\",\"url\":\"https:\/\/craftsource.pascalrazvan.ro\/\",\"name\":\"Home\"}},{\"@type\":\"ListItem\",\"position\":2,\"item\":{\"@type\":\"WebPage\",\"@id\":\"http:\/\/craftsource.pascalrazvan.ro\/index.php\/cookies-policy\/\",\"url\":\"http:\/\/craftsource.pascalrazvan.ro\/index.php\/cookies-policy\/\",\"name\":\"Cookies Policy\"}}]}]}<\/script>\n<!-- \/ Yoast SEO plugin. -->","_links":{"self":[{"href":"http:\/\/craftsource.pascalrazvan.ro\/index.php\/wp-json\/wp\/v2\/pages\/1875","targetHints":{"allow":["GET"]}}],"collection":[{"href":"http:\/\/craftsource.pascalrazvan.ro\/index.php\/wp-json\/wp\/v2\/pages"}],"about":[{"href":"http:\/\/craftsource.pascalrazvan.ro\/index.php\/wp-json\/wp\/v2\/types\/page"}],"author":[{"embeddable":true,"href":"http:\/\/craftsource.pascalrazvan.ro\/index.php\/wp-json\/wp\/v2\/users\/1"}],"replies":[{"embeddable":true,"href":"http:\/\/craftsource.pascalrazvan.ro\/index.php\/wp-json\/wp\/v2\/comments?post=1875"}],"version-history":[{"count":1,"href":"http:\/\/craftsource.pascalrazvan.ro\/index.php\/wp-json\/wp\/v2\/pages\/1875\/revisions"}],"predecessor-version":[{"id":1876,"href":"http:\/\/craftsource.pascalrazvan.ro\/index.php\/wp-json\/wp\/v2\/pages\/1875\/revisions\/1876"}],"wp:attachment":[{"href":"http:\/\/craftsource.pascalrazvan.ro\/index.php\/wp-json\/wp\/v2\/media?parent=1875"}],"curies":[{"name":"wp","href":"https:\/\/api.w.org\/{rel}","templated":true}]}}